prime?
False
Is 183812929 a composite number?
True
Is 2130883417 composite?
True
Is 55262681 composite?
True
Is 523798613 a prime number?
False
Is 10433075551 composite?
True
Is 13359746249 a composite number?
True
Is 27887697439 a prime number?
False
Is 865964107 a composite number?
False
Is 762199563 a prime number?
False
Is 585791803 a composite number?
True
Is 8228565497 composite?
False
Is 5764328653 a prime number?
True
Is 348043117 composite?
False
Is 1379662255 composite?
True
Is 37148796539 a composite number?
False
Is 3630220501 composite?
False
Is 13110607219 composite?
False
Is 19286799491 a composite number?
False
Is 392380297 prime?
True
Is 4457178701 a prime number?
True
Is 38259029917 a composite number?
True
Is 8609708389 a prime number?
True
Is 6832220669 prime?
True
Is 4013487539 a prime number?
True
Is 640105211 a composite number?
False
Is 2189658453 composite?
True
Is 120951627721 a prime number?
False
Is 5236391291 prime?
False
Is 526894367 prime?
False
Is 5918831353 prime?
True
Is 4649972377 composite?
False
Is 1572720889 a composite number?
False
Is 59860378454 prime?
False
Is 103697740877 composite?
False
Is 78897039253 a prime number?
False
Is 45779391071 composite?
False
Is 127627229 prime?
True
Is 33587643647 composite?
False
Is 3826042139 a composite number?
False
Is 7410583753 a composite number?
False
Is 58981610267 composite?
True
Is 11749627427 a prime number?
True
Is 538725289 a prime number?
True
Is 1489575683 a prime number?
False
Is 6560787449 composite?
False
Is 6817003429 a composite number?
True
Is 324818359 a composite number?
True
Is 326549809 a prime number?
True
Is 3985999 prime?
True
Is 68915117053 prime?
False
Is 16495169771 a prime number?
False
Is 45593897021 prime?
True
Is 3941512933 a composite number?
False
Is 12177715091 a composite number?
True
Is 856473341 a prime number?
False
Is 3203532383 a composite number?
False
Is 108070377379 composite?
False
Is 3968359907 composite?
False
Is 18287176949 a composite number?
False
Is 2900597845 prime?
False
Is 7874183003 a prime number?
True
Is 40814406649 a prime number?
False
Is 398569177 a composite number?
False
Is 2328998999 a composite number?
False
Is 222388351 prime?
False
Is 38761497755 prime?
False
Is 322167570245 prime?
False
Is 2631928071 a composite number?
True
Is 6794914591 composite?
False
Is 144318413 a composite number?
True
Is 3469326929 composite?
True
Is 4944444361 prime?
False
Is 2856659701 a composite number?
True
Is 1388723207 composite?
False
Is 6486257227 composite?
False
Is 2485893041 a composite number?
False
Is 201050886157 composite?
True
Is 2543323789 composite?
False
Is 17399870693 a prime number?
True
Is 2256954431 a prime number?
False
Is 2953551203 a prime number?
False
Is 861717823 a composite number?
True
Is 13457185369 composite?
True
Is 145231371743 prime?
True
Is 23194366053 composite?
True
Is 42165486145 composite?
True
Is 42082820921 composite?
False
Is 9816331961 a prime number?
True
Is 164884519 a composite number?
False
Is 65333383333 a composite number?
False
Is 367260107 a composite number?
False
Is 7641082297 composite?
True
Is 3611159729 a composite number?
False
Is 115802977 composite?
True
Is 4448628817 a composite number?
False
Is 2249543663 a composite number?
True
Is 18435540187 a prime number?
False
Is 8447391949 prime?
True
Is 589832759 a prime number?
True
Is 16037485187 composite?
True
Is 1416384709 a prime number?
False
Is 2036042653 prime?
False
Is 12063773731 prime?
False
Is 2230174109 a prime number?
False
Is 311043401 a prime number?
False
Is 3910887163 composite?
False
Is 2188382671 a prime number?
True
Is 1034049043 a composite number?
False
Is 158081098267 a prime number?
False
Is 12201543007 composite?
True
Is 47530729601 a prime number?
True
Is 1366015733 composite?
True
Is 24008687 a composite number?
False
Is 2732827991 a composite number?
False
Is 714263831 prime?
True
Is 483626783 prime?
True
Is 2491780867 a prime number?
True
Is 5993381809 a composite number?
False
Is 1585381151 a composite number?
False
Is 46952600221 a composite number?
True
Is 17160724751 composite?
False
Is 415321631 a prime number?
True
Is 34656129329 a prime number?
True
Is 1293460547 prime?
False
Is 7099266711 a prime number?
False
Is 27914097629 composite?
True
Is 2018772023 a prime number?
True
Is 130492880813 prime?
True
Is 4108243763 prime?
False
Is 8476198417 a prime number?
False
Is 2194565671 a composite number?
True
Is 814151941 prime?
True
Is 2490858701 prime?
True
Is 90230186993 a composite number?
True
Is 30931067 a prime number?
False
Is 683236571 prime?
True
Is 4259101703 prime?
True
Is 3590035823 a composite number?
True
Is 2123896223 a prime number?
True
Is 22290261457 a composite number?
True
Is 528759437 prime?
True
Is 2350575581 prime?
True
Is 73663016278 composite?
True
Is 2548715473 composite?
False
Is 1372743077 a composite number?
False
Is 574971541 prime?
True
Is 307369303 prime?
False
Is 5293353437 prime?
False
Is 27962492981 a prime number?
False
Is 17936105797 a composite number?
False
Is 110924129 a prime number?
True
Is 67134098497 prime?
True
Is 52180422313 a composite number?
True
Is 64843511 a prime number?
True
Is 973283513 composite?
False
Is 101268329 composite?
True
Is 3172635043 a prime number?
True
Is 1955433631 composite?
True
Is 17313733369 prime?
False
Is 16384755031 composite?
True
Is 1803028561 composite?
True
Is 8424103861 a composite number?
False
Is 1150648153 prime?
False
Is 33166743707 a prime number?
True
Is 1339150517 a composite number?
True
Is 740394043 a composite number?
False
Is 2998047713 composite?
True
Is 1403583091 a composite number?
False
Is 172242149 composite?
False
Is 2304016921 composite?
True
Is 945075031 a composite number?
True
Is 2009848105 composite?
True
Is 1057753213 prime?
False
Is 29562807559 a composite number?
True
Is 698198447 prime?
True
Is 346222043 composite?
True
Is 3992353871 composite?
True
Is 1712573957 a prime number?
False
Is 12253906451 a composite number?
True
Is 383142217 a composite number?
False
Is 9953913011 a composite number?
True
Is 778033745 a composite number?
True
Is 26525479621 a composite number?
False
Is 1529055223 composite?
False
Is 419510471 a prime number?
True
Is 16794793007 a prime number?
False
Is 13636700107 a prime number?
False
Is 677494549 composite?
True
Is 37761278853 prime?
False
Is 777459185 prime?
False
Is 129717629 composite?
True
Is 2229732883 a prime number?
False
Is 322720711 a prime number?
False
Is 15111481379 a composite number?
True
Is 270798119 composite?
False
Is 36754213 a prime number?
False
Is 130069873043 composite?
True
Is 5115099181 a composite number?
False
Is 192786523 a composite number?
False
Is 1285765277 a prime number?
True
Is 422231573 prime?
True
Is 4886480767 a prime number?
False
Is 12761897923 a prime number?
False
Is 2082657361 composite?
True
Is 4869244747 a composite number?
True
Is 128236309 composite?
True
Is 35292875699 prime?
True
Is 25387153811 prime?
False
Is 1251906389 a prime number?
False
Is 336388427 prime?
True
Is 15099962089 prime?
True
Is 247424929 a composite number?
True
Is 749947661 prime?
True
Is 8232169313 a prime number?
False
Is 427865821 a composite number?
False
Is 97528766263 composite?
False
Is 111464263073 prime?
False
Is 37481453029 prime?
False
Is 37862204803 a prime number?
True
Is 2188646033 a prime number?
False
Is 5252242123 a composite number?
True
Is 67373179151 composite?
False
Is 21850226693 a prime number?
False
Is 4511544379 a prime number?
True
Is 18468761537 prime?
False
Is 915217157 composite?
True
Is 2090295839 a composite number?
True
Is 83021749 prime?
True
Is 44132124077 a prime number?
False
Is 4745989397 composite?
True
Is 16558938149 composite?
True
Is 12061151 prime?
True
Is 7648804531 prime?
True
Is 19536188627 prime?
False
Is 335011067 a composite number?
False
Is 2063436751 a composite number?
False
Is 13471790143 a prime number?
False
Is 243848615 a prime number?
False
Is 6162146819 a composite number?
False
Is 1059495569 composite?
True
Is 1105927799 a prime number?
True
Is 593461541 composite?
True
Is 11384029817 a composite number?
True
Is 8300235847 a composite number?
False
Is 9817473011 composite?
T